{"id":197,"date":"2023-02-09T14:45:06","date_gmt":"2023-02-09T13:45:06","guid":{"rendered":"https:\/\/sznaturalbeauty.fr\/?page_id=197"},"modified":"2023-02-09T14:45:06","modified_gmt":"2023-02-09T13:45:06","slug":"risques-et-contre-indication-du-maquillage-permanent","status":"publish","type":"page","link":"https:\/\/sznaturalbeauty.fr\/?page_id=197","title":{"rendered":"Risques et contre-indication du maquillage permanent"},"content":{"rendered":"\n<p>Bien qu\u2019il soit g\u00e9n\u00e9ralement sans risque, certaines personnes devraient  s\u2019abstenir d\u2019effectuer un maquillage permanent. En tant que professionnel, il est de mon devoir de conseiller mes clientes potentiels et de reconna\u00eetre lorsqu\u2019il est simplement d\u00e9conseill\u00e9 pour vous de recevoir ce service.<\/p>\n\n\n\n<p>La dermographie ne pr\u00e9sente en th\u00e9orie, aucun danger s\u00e9rieux. Malheureusement, il existe toujours des exceptions \u00e0 la r\u00e8gle. <\/p>\n\n\n\n<ul class=\"wp-block-list\">\n<li><strong>Allergies&nbsp;<\/strong><\/li>\n\n\n\n<li><strong>Maladies de peau \u00e9volutives<\/strong><\/li>\n\n\n\n<li><strong>Diab\u00e8te<\/strong><\/li>\n\n\n\n<li><strong>Injections de silicone<\/strong><\/li>\n\n\n\n<li><strong>Femme enceinte&nbsp;ou en train d\u2019allaiter<\/strong><\/li>\n\n\n\n<li><strong>Boutons de fi\u00e8vre et herp\u00e8s labial<\/strong>\n<ul class=\"wp-block-list\"><\/ul>\n<\/li>\n<\/ul>\n\n\n\n<p>C\u2019est contre-indication ne sont pas toujours d\u00e9finitive et ne mettent que rarement la sant\u00e9 du client en danger. <br>Mais il est parfois n\u00e9cessaire de devoir consulter son m\u00e9decin traitant avant d\u2019effectuer un maquillage permanent.<\/p>\n","protected":false},"excerpt":{"rendered":"<p>Bien qu\u2019il soit g\u00e9n\u00e9ralement sans risque, certaines personnes devraient s\u2019abstenir d\u2019effectuer un maquillage permanent. En tant que professionnel, il est de mon devoir de conseiller mes clientes potentiels et de reconna\u00eetre lorsqu\u2019il est simplement d\u00e9conseill\u00e9 pour vous de recevoir ce service. La dermographie ne pr\u00e9sente en th\u00e9orie, aucun danger s\u00e9rieux. Malheureusement, il existe toujours des &hellip; <a href=\"https:\/\/sznaturalbeauty.fr\/?page_id=197\" class=\"more-link\">Continuer la lecture de <span class=\"screen-reader-text\">Risques et contre-indication du maquillage permanent<\/span>  <span class=\"meta-nav\">&rarr;<\/span><\/a><\/p>\n","protected":false},"author":1,"featured_media":0,"parent":0,"menu_order":0,"comment_status":"closed","ping_status":"closed","template":"","meta":{"footnotes":""},"class_list":["post-197","page","type-page","status-publish","hentry"],"_links":{"self":[{"href":"https:\/\/sznaturalbeauty.fr\/index.php?rest_route=\/wp\/v2\/pages\/197","targetHints":{"allow":["GET"]}}],"collection":[{"href":"https:\/\/sznaturalbeauty.fr\/index.php?rest_route=\/wp\/v2\/pages"}],"about":[{"href":"https:\/\/sznaturalbeauty.fr\/index.php?rest_route=\/wp\/v2\/types\/page"}],"author":[{"embeddable":true,"href":"https:\/\/sznaturalbeauty.fr\/index.php?rest_route=\/wp\/v2\/users\/1"}],"replies":[{"embeddable":true,"href":"https:\/\/sznaturalbeauty.fr\/index.php?rest_route=%2Fwp%2Fv2%2Fcomments&post=197"}],"version-history":[{"count":1,"href":"https:\/\/sznaturalbeauty.fr\/index.php?rest_route=\/wp\/v2\/pages\/197\/revisions"}],"predecessor-version":[{"id":199,"href":"https:\/\/sznaturalbeauty.fr\/index.php?rest_route=\/wp\/v2\/pages\/197\/revisions\/199"}],"wp:attachment":[{"href":"https:\/\/sznaturalbeauty.fr\/index.php?rest_route=%2Fwp%2Fv2%2Fmedia&parent=197"}],"curies":[{"name":"wp","href":"https:\/\/api.w.org\/{rel}","templated":true}]}}