{"id":186,"date":"2023-02-09T13:20:43","date_gmt":"2023-02-09T12:20:43","guid":{"rendered":"https:\/\/sznaturalbeauty.fr\/?page_id=186"},"modified":"2023-02-09T13:20:43","modified_gmt":"2023-02-09T12:20:43","slug":"quel-benefice-deffectuer-un-maquillage-permanent","status":"publish","type":"page","link":"https:\/\/sznaturalbeauty.fr\/?page_id=186","title":{"rendered":"Quel B\u00e9n\u00e9fice d\u2019effectuer un maquillage permanent?"},"content":{"rendered":"\n<p>Gain de temps, Gain d\u2019argent.<\/p>\n\n\n\n<p>En effet, m\u00eame si une s\u00e9ance de dermographie est plus cher qu\u2019un maquillage traditionnel, son r\u00e9sultat va durer plusieurs ann\u00e9es, donc plus besoin d\u2019avoir recours \u00e0 des produits cosm\u00e9tiques on\u00e9reux pour se maquiller chaque matin afin d\u2019 obtenir un regard soulign\u00e9 d\u2019un bel eye-liner, de tracer ses sourcils, afin qu\u2019il soit restructurer ou de redessiner sa bouche.<\/p>\n\n\n\n<p>Gr\u00e2ce  au maquillage permanent, vous  \u00eates d\u00e8s le matin, belle au naturel! <\/p>\n","protected":false},"excerpt":{"rendered":"<p>Gain de temps, Gain d\u2019argent. En effet, m\u00eame si une s\u00e9ance de dermographie est plus cher qu\u2019un maquillage traditionnel, son r\u00e9sultat va durer plusieurs ann\u00e9es, donc plus besoin d\u2019avoir recours \u00e0 des produits cosm\u00e9tiques on\u00e9reux pour se maquiller chaque matin afin d\u2019 obtenir un regard soulign\u00e9 d\u2019un bel eye-liner, de tracer ses sourcils, afin qu\u2019il &hellip; <a href=\"https:\/\/sznaturalbeauty.fr\/?page_id=186\" class=\"more-link\">Continuer la lecture de <span class=\"screen-reader-text\">Quel B\u00e9n\u00e9fice d\u2019effectuer un maquillage permanent?<\/span>  <span class=\"meta-nav\">&rarr;<\/span><\/a><\/p>\n","protected":false},"author":1,"featured_media":0,"parent":0,"menu_order":0,"comment_status":"closed","ping_status":"closed","template":"","meta":{"footnotes":""},"class_list":["post-186","page","type-page","status-publish","hentry"],"_links":{"self":[{"href":"https:\/\/sznaturalbeauty.fr\/index.php?rest_route=\/wp\/v2\/pages\/186","targetHints":{"allow":["GET"]}}],"collection":[{"href":"https:\/\/sznaturalbeauty.fr\/index.php?rest_route=\/wp\/v2\/pages"}],"about":[{"href":"https:\/\/sznaturalbeauty.fr\/index.php?rest_route=\/wp\/v2\/types\/page"}],"author":[{"embeddable":true,"href":"https:\/\/sznaturalbeauty.fr\/index.php?rest_route=\/wp\/v2\/users\/1"}],"replies":[{"embeddable":true,"href":"https:\/\/sznaturalbeauty.fr\/index.php?rest_route=%2Fwp%2Fv2%2Fcomments&post=186"}],"version-history":[{"count":1,"href":"https:\/\/sznaturalbeauty.fr\/index.php?rest_route=\/wp\/v2\/pages\/186\/revisions"}],"predecessor-version":[{"id":188,"href":"https:\/\/sznaturalbeauty.fr\/index.php?rest_route=\/wp\/v2\/pages\/186\/revisions\/188"}],"wp:attachment":[{"href":"https:\/\/sznaturalbeauty.fr\/index.php?rest_route=%2Fwp%2Fv2%2Fmedia&parent=186"}],"curies":[{"name":"wp","href":"https:\/\/api.w.org\/{rel}","templated":true}]}}